{"id":5238,"date":"2021-12-09T19:03:18","date_gmt":"2021-12-09T18:03:18","guid":{"rendered":"https:\/\/atelierlescolibris.com\/?page_id=5238"},"modified":"2025-09-13T18:00:05","modified_gmt":"2025-09-13T16:00:05","slug":"votre-animatrice-cours-de-couture-art-textile-patronage-isere-trieves-july-toujan","status":"publish","type":"page","link":"https:\/\/atelierlescolibris.com\/index.php\/votre-animatrice-cours-de-couture-art-textile-patronage-isere-trieves-july-toujan\/","title":{"rendered":"votre animatrice"},"content":{"rendered":"\n<h2 class=\"wp-block-heading has-text-align-center\">Julie-Lylamaya TOUJAN<\/h2>\n\n\n\n<figure class=\"wp-block-image size-large\"><img loading=\"lazy\" decoding=\"async\" width=\"1024\" height=\"684\" src=\"https:\/\/atelierlescolibris.com\/wp-content\/uploads\/2023\/10\/BRETEAU_2021_11_03_0005-1024x684.jpg\" alt=\"julie-toujan-art-textile-couture-patronage-isere\" class=\"wp-image-5569\" srcset=\"https:\/\/atelierlescolibris.com\/wp-content\/uploads\/2023\/10\/BRETEAU_2021_11_03_0005-1024x684.jpg 1024w, https:\/\/atelierlescolibris.com\/wp-content\/uploads\/2023\/10\/BRETEAU_2021_11_03_0005-300x200.jpg 300w, https:\/\/atelierlescolibris.com\/wp-content\/uploads\/2023\/10\/BRETEAU_2021_11_03_0005-768x513.jpg 768w, https:\/\/atelierlescolibris.com\/wp-content\/uploads\/2023\/10\/BRETEAU_2021_11_03_0005-90x60.jpg 90w, https:\/\/atelierlescolibris.com\/wp-content\/uploads\/2023\/10\/BRETEAU_2021_11_03_0005-370x247.jpg 370w, https:\/\/atelierlescolibris.com\/wp-content\/uploads\/2023\/10\/BRETEAU_2021_11_03_0005-776x517.jpg 776w, https:\/\/atelierlescolibris.com\/wp-content\/uploads\/2023\/10\/BRETEAU_2021_11_03_0005.jpg 1200w\" sizes=\"auto, (max-width: 1024px) 100vw, 1024px\" \/><\/figure>\n\n\n\n<blockquote class=\"wp-block-quote is-layout-flow wp-block-quote-is-layout-flow\">\n<p><em>La passion de la couture m&rsquo;a \u00e9t\u00e9 transmise par ma m\u00e8re et mes grands-m\u00e8res. <\/em><\/p>\n<\/blockquote>\n\n\n\n<blockquote class=\"wp-block-quote is-layout-flow wp-block-quote-is-layout-flow\">\n<p><em>A l&rsquo;\u00e2ge de 17 ans je d\u00e9cide de poursuivre mes \u00e9tudes vers le costume de sc\u00e8ne.<\/em><\/p>\n<\/blockquote>\n\n\n\n<blockquote class=\"wp-block-quote is-layout-flow wp-block-quote-is-layout-flow\">\n<p><em>Dipl\u00f4m\u00e9e en 1998 : Cap couture flou,BEP v\u00eatements sur mesure et accessoires, BT Habilleuse et BTS Costumi\u00e8re ainsi que de nombreux stages \u00e0 l&rsquo;Op\u00e9ra de Nantes dont l&rsquo;ENSATT \u00e0 Lyon. Je continue de travailler pour plusieurs compagnies de th\u00e9\u00e2tre comme alias Lylamaya et je m\u2019enrichis de toutes ses exp\u00e9riences jusqu&rsquo;en 2008. D\u00e8s 2013 Je me forme \u00e0 la coupe en un seul morceau de Genevi\u00e8ve Sevin-Doering avec Mireille Doering \u00e0 Marseille. Depuis 2018, j&rsquo;enrichis de nouveau ma palette d&rsquo;un Dipl\u00f4me de pratique en art-th\u00e9rapie RNCP de l&rsquo;IRFAT en Avignon ,en relaxation aquatique : animation aquayoga et supayoga, watsu et atma janzu, rebozo &amp; water doula, d&rsquo;outils psychocorporels et transg\u00e9n\u00e9rationnels comme le g\u00e9nosociogramme ( avec l&rsquo;association Stop aux Violences Sexuelles, physiques et psychologiques)<\/em> Depuis 2023, <em>Secouriste en Premiers Secours en Sant\u00e9 Mentale, atelier d\u2019\u00c9ducation Th\u00e9rapeutique du Patient<\/em> <em>avec la MRSI de St Martin d\u2019h\u00e8res. CQP initiateur voile au Nautic Club Miramas et la Base Nautique de Savel Monteynard<\/em><\/p>\n<\/blockquote>\n\n\n\n<blockquote class=\"wp-block-quote is-layout-flow wp-block-quote-is-layout-flow\">\n<p> <em>Passionn\u00e9e par le patronage et le moulage, je d\u00e9cide de partager mon exp\u00e9rience et mon savoir-faire en animant de nombreux ateliers de cr\u00e9ation textile depuis 2009. Je continue la confection sur mesure pour les robes de mari\u00e9e, les costumes de sc\u00e8ne et tous projets. <\/em><\/p>\n<\/blockquote>\n\n\n\n<blockquote class=\"wp-block-quote is-layout-flow wp-block-quote-is-layout-flow\">\n<p><em>Depuis 2010, je transmets les apprentissages de la couture dans les Maisons Jeune et Culture(ALLOGROGES), les Maisons des Habitants et Centre sociaux( P.Bert,LA PONATIERE,LES ESSARTS,OLYMPE DE GOUGES,les BALADINS ), ainsi que dans les associations comme seyssins couture, les Comit\u00e9 d\u2019Entreprise(ESRF), les \u00e9tablissements priv\u00e9s comme &nbsp;\u00bb la maison de la couture \u00bb de Mr et Mme B\u00e9riot ou le th\u00e9 \u00e0 coudre \u00e0 Grenoble en Is\u00e8re et tant d&rsquo;autres comme la Coupe Icare<\/em>.<em> <em>Depuis 2021<\/em><\/em>, <em>Je suis \u00e9galement professeure d&rsquo;art textile en \u00e9cole des arts ( Allevard)<\/em> , <em>avec un nouveau projet pour 2024-2025<\/em>, <em>passionn\u00e9e de voile l\u00e9g\u00e8re, je participe aux r\u00e9parations des voiles pour les bases nautique du lac de Monteynard et la cr\u00e9ation de manche \u00e0 air depuis 2017<\/em><\/p>\n\n\n\n<h2 class=\"wp-block-heading\">Expositions Art textile<\/h2>\n<cite>installation IN SITU \u00e0 la <a href=\"https:\/\/casamaures.org\/articles.php?lng=fr&amp;pg=4505&amp;mnuid=1379&amp;tconfig=4\" target=\"_blank\" rel=\"noreferrer noopener\">Casamaures<\/a> de 2014 \u00e0 2021<\/cite><\/blockquote>\n\n\n<div class=\"wp-block-image\">\n<figure class=\"aligncenter size-medium\"><img loading=\"lazy\" decoding=\"async\" width=\"300\" height=\"300\" src=\"https:\/\/atelierlescolibris.com\/wp-content\/uploads\/2021\/01\/patron-gsd-one-piece-300x300.jpg\" alt=\"patron-couture-genevieve-sevin-doering-mireille-born-vetement-en-un-morceau-july-toujan\" class=\"wp-image-4211\" srcset=\"https:\/\/atelierlescolibris.com\/wp-content\/uploads\/2021\/01\/patron-gsd-one-piece-300x300.jpg 300w, https:\/\/atelierlescolibris.com\/wp-content\/uploads\/2021\/01\/patron-gsd-one-piece-150x150.jpg 150w, https:\/\/atelierlescolibris.com\/wp-content\/uploads\/2021\/01\/patron-gsd-one-piece-100x100.jpg 100w, https:\/\/atelierlescolibris.com\/wp-content\/uploads\/2021\/01\/patron-gsd-one-piece.jpg 720w\" sizes=\"auto, (max-width: 300px) 100vw, 300px\" \/><figcaption class=\"wp-element-caption\">2020, patron de Genevieve sevin-doering<\/figcaption><\/figure>\n<\/div>\n\n\n<blockquote class=\"wp-block-quote is-layout-flow wp-block-quote-is-layout-flow\">\n<p>Ma passion pour le patronage date depuis mon enfance. Des patrons en papier de journal au v\u00eatement sculpt\u00e9 sur le corps. En 2013 je me forme (et me d\u00e9forme) \u00e0 la coupe en un morceau aupr\u00e8s de Genevieve Sevin-Doering et Mireille Doering-Born \u00e0 Marseille. Trois ans plus tard je ma\u00eetrise cette technique et l&rsquo;associe \u00e0 ma casquette d&rsquo;art-th\u00e9rapeute.<\/p>\n<\/blockquote>\n\n\n\n<p> Le v\u00eatement comme oripeaux, peau d&rsquo;\u00e2me etc. <\/p>\n\n\n\n<blockquote class=\"wp-block-quote is-layout-flow wp-block-quote-is-layout-flow\">\n<p>A cette \u00e9poque j&rsquo;enseigne la Couture et le patronage sur mesure mais je n&rsquo;y arrive plus, cette nouvelle fa\u00e7on de cr\u00e9er \u00e0 pris toute la place. Il me faudra deux longues ann\u00e9es avant de retrouver le chemin de la joie d&rsquo;enseigner le patronage en plusieurs morceaux. Deux longues ann\u00e9es avant de retrouver le chemin de la mode. <\/p>\n<\/blockquote>\n\n\n\n<blockquote class=\"wp-block-quote is-layout-flow wp-block-quote-is-layout-flow\">\n<p>Aujourd&rsquo;hui je suis heureuse de partager avec vous mon savoir faire et mon exp\u00e9rience. Un grand merci \u00e0 C\u00e9cile B\u00e9riot, Rozen Saby et Johanne Labruy\u00e8re trois couturi\u00e8res qui ont su me soutenir sur ce chemin. <\/p>\n<\/blockquote>\n\n\n\n<blockquote class=\"wp-block-quote is-layout-flow wp-block-quote-is-layout-flow\">\n<p>Aujourd&rsquo;hui je me r\u00e9jouis de f\u00eater mes 10 ans (2020) d&rsquo;animation patronage et Moulage \u00e0 <a href=\"https:\/\/www.facebook.com\/lamaisondelacouture\/?__cft__[0]=AZXwDrgtmoDgLOBE9hq-CJ7H91fSpe6RQiPz0Iz_bzQkxA1cDkm__mAIDS6HDGJKHPeQZHo4I9TmxDq6RAz6Q7G2wjpvjXysFjyvh486rlg3qR-Hxc_yCDr3g-2ZWpWdnvBLXtRD957CndjblXtXr8X5qGq3YpzuoGSyK8LaEJu1fw&amp;__tn__=kK-R\">Maison de la Couture<\/a> Je vous pr\u00e9pare une exposition-conf\u00e9rence sur le sujet, July Toujan<\/p>\n<\/blockquote>\n\n\n\n<p>    <em>\u00abUn bon couturier doit \u00eatre : architecte pour les plans, sculpteur pour la forme, peintre pour la couleur, musicien pour l\u2019harmonie et philosophe pour la mesure\u00bb<\/em> Balanciaga<\/p>\n\n\n<div class=\"wp-block-image\">\n<figure class=\"aligncenter size-medium\"><img loading=\"lazy\" decoding=\"async\" width=\"174\" height=\"300\" src=\"https:\/\/atelierlescolibris.com\/wp-content\/uploads\/2020\/03\/cours-de-couture-grenoble-vetement-en-un-morceau-july-toujan-2-174x300.jpg\" alt=\"\" class=\"wp-image-3350\" srcset=\"https:\/\/atelierlescolibris.com\/wp-content\/uploads\/2020\/03\/cours-de-couture-grenoble-vetement-en-un-morceau-july-toujan-2-174x300.jpg 174w, https:\/\/atelierlescolibris.com\/wp-content\/uploads\/2020\/03\/cours-de-couture-grenoble-vetement-en-un-morceau-july-toujan-2-595x1024.jpg 595w, https:\/\/atelierlescolibris.com\/wp-content\/uploads\/2020\/03\/cours-de-couture-grenoble-vetement-en-un-morceau-july-toujan-2-768x1321.jpg 768w, https:\/\/atelierlescolibris.com\/wp-content\/uploads\/2020\/03\/cours-de-couture-grenoble-vetement-en-un-morceau-july-toujan-2-893x1536.jpg 893w, https:\/\/atelierlescolibris.com\/wp-content\/uploads\/2020\/03\/cours-de-couture-grenoble-vetement-en-un-morceau-july-toujan-2.jpg 949w\" sizes=\"auto, (max-width: 174px) 100vw, 174px\" \/><figcaption class=\"wp-element-caption\">\u00ab\u00a0mon \u00e2me est une aiguille\u00a0\u00bb<\/figcaption><\/figure>\n<\/div>","protected":false},"excerpt":{"rendered":"<p>Julie-Lylamaya TOUJAN La passion de la couture m&rsquo;a \u00e9t\u00e9 transmise par ma m\u00e8re et mes grands-m\u00e8res. A l&rsquo;\u00e2ge de 17 ans je d\u00e9cide de poursuivre mes \u00e9tudes vers le costume &hellip; <\/p>\n","protected":false},"author":1,"featured_media":4211,"parent":0,"menu_order":0,"comment_status":"closed","ping_status":"closed","template":"","meta":{"_ti_tpc_template_sync":false,"_ti_tpc_template_id":"","footnotes":""},"class_list":["post-5238","page","type-page","status-publish","has-post-thumbnail","hentry"],"_links":{"self":[{"href":"https:\/\/atelierlescolibris.com\/index.php\/wp-json\/wp\/v2\/pages\/5238","targetHints":{"allow":["GET"]}}],"collection":[{"href":"https:\/\/atelierlescolibris.com\/index.php\/wp-json\/wp\/v2\/pages"}],"about":[{"href":"https:\/\/atelierlescolibris.com\/index.php\/wp-json\/wp\/v2\/types\/page"}],"author":[{"embeddable":true,"href":"https:\/\/atelierlescolibris.com\/index.php\/wp-json\/wp\/v2\/users\/1"}],"replies":[{"embeddable":true,"href":"https:\/\/atelierlescolibris.com\/index.php\/wp-json\/wp\/v2\/comments?post=5238"}],"version-history":[{"count":17,"href":"https:\/\/atelierlescolibris.com\/index.php\/wp-json\/wp\/v2\/pages\/5238\/revisions"}],"predecessor-version":[{"id":5646,"href":"https:\/\/atelierlescolibris.com\/index.php\/wp-json\/wp\/v2\/pages\/5238\/revisions\/5646"}],"wp:featuredmedia":[{"embeddable":true,"href":"https:\/\/atelierlescolibris.com\/index.php\/wp-json\/wp\/v2\/media\/4211"}],"wp:attachment":[{"href":"https:\/\/atelierlescolibris.com\/index.php\/wp-json\/wp\/v2\/media?parent=5238"}],"curies":[{"name":"wp","href":"https:\/\/api.w.org\/{rel}","templated":true}]}}

<h2 class="wp-block-heading has-text-align-center">Julie-Lylamaya TOUJAN</h2>



<figure class="wp-block-image size-large"><img loading="lazy" decoding="async" width="1024" height="684" src="https://atelierlescolibris.com/wp-content/uploads/2023/10/BRETEAU_2021_11_03_0005-1024x684.jpg" alt="julie-toujan-art-textile-couture-patronage-isere" class="wp-image-5569" srcset="https://atelierlescolibris.com/wp-content/uploads/2023/10/BRETEAU_2021_11_03_0005-1024x684.jpg 1024w, https://atelierlescolibris.com/wp-content/uploads/2023/10/BRETEAU_2021_11_03_0005-300x200.jpg 300w, https://atelierlescolibris.com/wp-content/uploads/2023/10/BRETEAU_2021_11_03_0005-768x513.jpg 768w, https://atelierlescolibris.com/wp-content/uploads/2023/10/BRETEAU_2021_11_03_0005-90x60.jpg 90w, https://atelierlescolibris.com/wp-content/uploads/2023/10/BRETEAU_2021_11_03_0005-370x247.jpg 370w, https://atelierlescolibris.com/wp-content/uploads/2023/10/BRETEAU_2021_11_03_0005-776x517.jpg 776w, https://atelierlescolibris.com/wp-content/uploads/2023/10/BRETEAU_2021_11_03_0005.jpg 1200w" sizes="auto, (max-width: 1024px) 100vw, 1024px" /></figure>



<blockquote class="wp-block-quote is-layout-flow wp-block-quote-is-layout-flow">
<p><em>La passion de la couture m&rsquo;a été transmise par ma mère et mes grands-mères. </em></p>
</blockquote>



<blockquote class="wp-block-quote is-layout-flow wp-block-quote-is-layout-flow">
<p><em>A l&rsquo;âge de 17 ans je décide de poursuivre mes études vers le costume de scène.</em></p>
</blockquote>



<blockquote class="wp-block-quote is-layout-flow wp-block-quote-is-layout-flow">
<p><em>Diplômée en 1998 : Cap couture flou,BEP vêtements sur mesure et accessoires, BT Habilleuse et BTS Costumière ainsi que de nombreux stages à l&rsquo;Opéra de Nantes dont l&rsquo;ENSATT à Lyon. Je continue de travailler pour plusieurs compagnies de théâtre comme alias Lylamaya et je m’enrichis de toutes ses expériences jusqu&rsquo;en 2008. Dès 2013 Je me forme à la coupe en un seul morceau de Geneviève Sevin-Doering avec Mireille Doering à Marseille. Depuis 2018, j&rsquo;enrichis de nouveau ma palette d&rsquo;un Diplôme de pratique en art-thérapie RNCP de l&rsquo;IRFAT en Avignon ,en relaxation aquatique : animation aquayoga et supayoga, watsu et atma janzu, rebozo &amp; water doula, d&rsquo;outils psychocorporels et transgénérationnels comme le génosociogramme ( avec l&rsquo;association Stop aux Violences Sexuelles, physiques et psychologiques)</em> Depuis 2023, <em>Secouriste en Premiers Secours en Santé Mentale, atelier d’Éducation Thérapeutique du Patient</em> <em>avec la MRSI de St Martin d’hères. CQP initiateur voile au Nautic Club Miramas et la Base Nautique de Savel Monteynard</em></p>
</blockquote>



<blockquote class="wp-block-quote is-layout-flow wp-block-quote-is-layout-flow">
<p> <em>Passionnée par le patronage et le moulage, je décide de partager mon expérience et mon savoir-faire en animant de nombreux ateliers de création textile depuis 2009. Je continue la confection sur mesure pour les robes de mariée, les costumes de scène et tous projets. </em></p>
</blockquote>



<blockquote class="wp-block-quote is-layout-flow wp-block-quote-is-layout-flow">
<p><em>Depuis 2010, je transmets les apprentissages de la couture dans les Maisons Jeune et Culture(ALLOGROGES), les Maisons des Habitants et Centre sociaux( P.Bert,LA PONATIERE,LES ESSARTS,OLYMPE DE GOUGES,les BALADINS ), ainsi que dans les associations comme seyssins couture, les Comité d’Entreprise(ESRF), les établissements privés comme &nbsp;» la maison de la couture » de Mr et Mme Bériot ou le thé à coudre à Grenoble en Isère et tant d&rsquo;autres comme la Coupe Icare</em>.<em> <em>Depuis 2021</em></em>, <em>Je suis également professeure d&rsquo;art textile en école des arts ( Allevard)</em> , <em>avec un nouveau projet pour 2024-2025</em>, <em>passionnée de voile légère, je participe aux réparations des voiles pour les bases nautique du lac de Monteynard et la création de manche à air depuis 2017</em></p>



<h2 class="wp-block-heading">Expositions Art textile</h2>
<cite>installation IN SITU à la <a href="https://casamaures.org/articles.php?lng=fr&amp;pg=4505&amp;mnuid=1379&amp;tconfig=4" target="_blank" rel="noreferrer noopener">Casamaures</a> de 2014 à 2021</cite></blockquote>


<div class="wp-block-image">
<figure class="aligncenter size-medium"><img loading="lazy" decoding="async" width="300" height="300" src="https://atelierlescolibris.com/wp-content/uploads/2021/01/patron-gsd-one-piece-300x300.jpg" alt="patron-couture-genevieve-sevin-doering-mireille-born-vetement-en-un-morceau-july-toujan" class="wp-image-4211" srcset="https://atelierlescolibris.com/wp-content/uploads/2021/01/patron-gsd-one-piece-300x300.jpg 300w, https://atelierlescolibris.com/wp-content/uploads/2021/01/patron-gsd-one-piece-150x150.jpg 150w, https://atelierlescolibris.com/wp-content/uploads/2021/01/patron-gsd-one-piece-100x100.jpg 100w, https://atelierlescolibris.com/wp-content/uploads/2021/01/patron-gsd-one-piece.jpg 720w" sizes="auto, (max-width: 300px) 100vw, 300px" /><figcaption class="wp-element-caption">2020, patron de Genevieve sevin-doering</figcaption></figure>
</div>


<blockquote class="wp-block-quote is-layout-flow wp-block-quote-is-layout-flow">
<p>Ma passion pour le patronage date depuis mon enfance. Des patrons en papier de journal au vêtement sculpté sur le corps. En 2013 je me forme (et me déforme) à la coupe en un morceau auprès de Genevieve Sevin-Doering et Mireille Doering-Born à Marseille. Trois ans plus tard je maîtrise cette technique et l&rsquo;associe à ma casquette d&rsquo;art-thérapeute.</p>
</blockquote>



<p> Le vêtement comme oripeaux, peau d&rsquo;âme etc. </p>



<blockquote class="wp-block-quote is-layout-flow wp-block-quote-is-layout-flow">
<p>A cette époque j&rsquo;enseigne la Couture et le patronage sur mesure mais je n&rsquo;y arrive plus, cette nouvelle façon de créer à pris toute la place. Il me faudra deux longues années avant de retrouver le chemin de la joie d&rsquo;enseigner le patronage en plusieurs morceaux. Deux longues années avant de retrouver le chemin de la mode. </p>
</blockquote>



<blockquote class="wp-block-quote is-layout-flow wp-block-quote-is-layout-flow">
<p>Aujourd&rsquo;hui je suis heureuse de partager avec vous mon savoir faire et mon expérience. Un grand merci à Cécile Bériot, Rozen Saby et Johanne Labruyère trois couturières qui ont su me soutenir sur ce chemin. </p>
</blockquote>



<blockquote class="wp-block-quote is-layout-flow wp-block-quote-is-layout-flow">
<p>Aujourd&rsquo;hui je me réjouis de fêter mes 10 ans (2020) d&rsquo;animation patronage et Moulage à <a href="https://www.facebook.com/lamaisondelacouture/?__cft__[0]=AZXwDrgtmoDgLOBE9hq-CJ7H91fSpe6RQiPz0Iz_bzQkxA1cDkm__mAIDS6HDGJKHPeQZHo4I9TmxDq6RAz6Q7G2wjpvjXysFjyvh486rlg3qR-Hxc_yCDr3g-2ZWpWdnvBLXtRD957CndjblXtXr8X5qGq3YpzuoGSyK8LaEJu1fw&amp;__tn__=kK-R">Maison de la Couture</a> Je vous prépare une exposition-conférence sur le sujet, July Toujan</p>
</blockquote>



<p>    <em>«Un bon couturier doit être : architecte pour les plans, sculpteur pour la forme, peintre pour la couleur, musicien pour l’harmonie et philosophe pour la mesure»</em> Balanciaga</p>


<div class="wp-block-image">
<figure class="aligncenter size-medium"><img loading="lazy" decoding="async" width="174" height="300" src="https://atelierlescolibris.com/wp-content/uploads/2020/03/cours-de-couture-grenoble-vetement-en-un-morceau-july-toujan-2-174x300.jpg" alt="" class="wp-image-3350" srcset="https://atelierlescolibris.com/wp-content/uploads/2020/03/cours-de-couture-grenoble-vetement-en-un-morceau-july-toujan-2-174x300.jpg 174w, https://atelierlescolibris.com/wp-content/uploads/2020/03/cours-de-couture-grenoble-vetement-en-un-morceau-july-toujan-2-595x1024.jpg 595w, https://atelierlescolibris.com/wp-content/uploads/2020/03/cours-de-couture-grenoble-vetement-en-un-morceau-july-toujan-2-768x1321.jpg 768w, https://atelierlescolibris.com/wp-content/uploads/2020/03/cours-de-couture-grenoble-vetement-en-un-morceau-july-toujan-2-893x1536.jpg 893w, https://atelierlescolibris.com/wp-content/uploads/2020/03/cours-de-couture-grenoble-vetement-en-un-morceau-july-toujan-2.jpg 949w" sizes="auto, (max-width: 174px) 100vw, 174px" /><figcaption class="wp-element-caption">« mon âme est une aiguille »</figcaption></figure>
</div>

<p>Julie-Lylamaya TOUJAN La passion de la couture m&rsquo;a été transmise par ma mère et mes grands-mères. A l&rsquo;âge de 17 ans je décide de poursuivre mes études vers le costume &hellip; </p>
