{"id":4884,"date":"2021-09-23T20:17:38","date_gmt":"2021-09-23T18:17:38","guid":{"rendered":"https:\/\/atelierlescolibris.com\/?page_id=4884"},"modified":"2023-11-16T16:41:59","modified_gmt":"2023-11-16T15:41:59","slug":"cours-couture-grenoble-stage-de-patronage-isere","status":"publish","type":"page","link":"https:\/\/atelierlescolibris.com\/index.php\/cours-couture-grenoble-stage-de-patronage-isere\/","title":{"rendered":"CYCLE DE PATRONAGE"},"content":{"rendered":"\n<figure class=\"wp-block-image size-full\"><img loading=\"lazy\" decoding=\"async\" width=\"940\" height=\"788\" src=\"https:\/\/atelierlescolibris.com\/wp-content\/uploads\/2022\/11\/stage-de-patronage-2022.jpg\" alt=\"cours-de-patronage-grenoble-cours-de-couture\" class=\"wp-image-5526\" srcset=\"https:\/\/atelierlescolibris.com\/wp-content\/uploads\/2022\/11\/stage-de-patronage-2022.jpg 940w, https:\/\/atelierlescolibris.com\/wp-content\/uploads\/2022\/11\/stage-de-patronage-2022-300x251.jpg 300w, https:\/\/atelierlescolibris.com\/wp-content\/uploads\/2022\/11\/stage-de-patronage-2022-768x644.jpg 768w, https:\/\/atelierlescolibris.com\/wp-content\/uploads\/2022\/11\/stage-de-patronage-2022-72x60.jpg 72w\" sizes=\"auto, (max-width: 940px) 100vw, 940px\" \/><\/figure>\n\n\n\n<h2 class=\"wp-block-heading\"> cycle de patronage 2023-2024<\/h2>\n\n\n\n<p>C&rsquo;est la rentr\u00e9e pour les cours de couture et de patronage \u00e0 l&rsquo;atelier les colibris, d\u00e9sormais aux portes du <a rel=\"noreferrer noopener\" href=\"https:\/\/www.trieves-vercors.fr\/atelier-les-colibris-creation-textile-et-art-therapie.html\" target=\"_blank\">Tri\u00e8ves<\/a> \u00e0 Treffort &amp; au th\u00e9 \u00e0 coudre de Grenoble<\/p>\n\n\n\n<p>Je me r\u00e9jouis de vous proposer deux nouveaux cycles de patronage : un d\u00e9butant et un confirm\u00e9 !<\/p>\n\n\n\n<p>Vous aurez la possibilit\u00e9 de proposer vos souhaits pour ce trimestre<\/p>\n\n\n\n<p>(les bases : buste,manche,encolure,parementure,fermeture,jupe,pantalon,manteau puis adapter son patron \u00e0 ses mesures: o\u00f9, quoi, comment?)<\/p>\n\n\n\n<p>Pour cette premi\u00e8re journ\u00e9e, vous apprendrez, \u00e0 prendre vos mesures et les reporter, tracer votre buste n\u00b01 sur mesure et son moulage. Ensuite le passage de pince et le buste sans pince, manche, parementure, encolure etc. en fonction du rythme de votre groupe et du niveau<\/p>\n\n\n\n<p>&nbsp;Vous trouverez ci-dessous la liste de mat\u00e9riel n\u00e9cessaire pour la r\u00e9alisation de votre buste sur mesure et la suite du programme.&nbsp;<\/p>\n\n\n\n<p>&nbsp;Mat\u00e9riel&nbsp;souhait\u00e9&nbsp;:<\/p>\n\n\n\n<p>\u00b7&nbsp;&nbsp;&nbsp;&nbsp;&nbsp;&nbsp;calculatrice<\/p>\n\n\n\n<p>\u00b7&nbsp;&nbsp;&nbsp;&nbsp;&nbsp;&nbsp;r\u00e8gle ,crayon, gomme , rapporteur<\/p>\n\n\n\n<p>\u00b7&nbsp;&nbsp;&nbsp;&nbsp;&nbsp;&nbsp;votre trousse de couture<\/p>\n\n\n\n<p>\u00b7&nbsp;&nbsp;&nbsp;&nbsp;&nbsp;&nbsp;le papier est fourni<\/p>\n\n\n\n<p>\u00b7&nbsp;&nbsp;&nbsp;&nbsp;&nbsp;&nbsp;du tissu armure toile (min 200 cm \/Laize 140 cm) en coton ou lin ou de vieux draps pour faire le moulage<\/p>\n\n\n\n<ul class=\"wp-block-list\">\n<li>en option \u00e0 votre charge: toile cir\u00e9e de 2 m pour ranger votre travail en cours (voir en magasin de tissu) 2\u20ac<\/li>\n\n\n\n<li>en option \u00e0 votre charge: le livre La coupe \u00e0 plat, num\u00e9ro 1. Pr\u00eat-\u00e0-porter et sur mesure pour dame de&nbsp;<a href=\"https:\/\/www.amazon.fr\/s\/ref=dp_byline_sr_book_1?ie=UTF8&amp;field-author=Chiappetta&amp;text=Chiappetta&amp;sort=relevancerank&amp;search-alias=books-fr\" target=\"_blank\" rel=\"noreferrer noopener\">Chiappetta<\/a>&nbsp;48 \u20ac<\/li>\n<\/ul>\n\n\n\n<h2 class=\"wp-block-heading\">stage du dimanche<\/h2>\n\n\n\n<p>dates &amp; r\u00e9servations au 06 72 92 14 60<br>Tarif: 40 \u20ac\u00a0\/ 14h-17h \/ 6 personnes max \/r\u00e8glement par virement ou ch\u00e8que\/toute r\u00e9servation non d\u00e9command\u00e9e 48 h avant est d\u00fb<\/p>\n\n\n\n<p>( ch\u00e8que ou virement pour valider votre inscription)<\/p>\n\n\n\n<p>je reste \u00e0 votre disposition pour toutes questions.<\/p>\n\n\n\n<p>Et vous souhaite un automne cr\u00e9atif et lumineux <br><\/p>\n\n\n\n<p>A vous de jouer !<\/p>\n\n\n\n<figure class=\"wp-block-image size-full\"><img loading=\"lazy\" decoding=\"async\" width=\"474\" height=\"316\" src=\"https:\/\/atelierlescolibris.com\/wp-content\/uploads\/2021\/10\/mapio.net_.jpg\" alt=\"\" class=\"wp-image-5083\" srcset=\"https:\/\/atelierlescolibris.com\/wp-content\/uploads\/2021\/10\/mapio.net_.jpg 474w, https:\/\/atelierlescolibris.com\/wp-content\/uploads\/2021\/10\/mapio.net_-300x200.jpg 300w\" sizes=\"auto, (max-width: 474px) 100vw, 474px\" \/><\/figure>\n\n\n\n<p>[COURS DE COUTURE &amp; BALADE AU BORD DU LAC]<img loading=\"lazy\" decoding=\"async\" src=\"https:\/\/static.xx.fbcdn.net\/images\/emoji.php\/v9\/tea\/1\/16\/1f332.png\" alt=\"\ud83c\udf32\" width=\"16\" height=\"16\">Profitez d&rsquo; \u00eatre \u00e0 2 min du lac pour aller faire un pique nique apr\u00e8s ou avant le cours de couture <a rel=\"noreferrer noopener\" href=\"http:\/\/www.lac-monteynard.com\/?fbclid=IwAR3qw7NtDugj-8KI-i7FwgZvqg59zH6egoYTdS7ryev_KPw4uFPRjPokKUY\" target=\"_blank\">http:\/\/www.lac-monteynard.com\/<\/a><\/p>\n\n\n\n<h2 class=\"wp-block-heading\">le Th\u00e9 \u00e0 coudre<\/h2>\n\n\n\n<p><a href=\"https:\/\/letheacoudre-grenoble.fr\/les-evenements\/\">https:\/\/letheacoudre-grenoble.fr\/les-evenements\/<\/a><\/p>\n","protected":false},"excerpt":{"rendered":"<p>cycle de patronage 2023-2024 C&rsquo;est la rentr\u00e9e pour les cours de couture et de patronage \u00e0 l&rsquo;atelier les colibris, d\u00e9sormais aux portes du Tri\u00e8ves \u00e0 Treffort &amp; au th\u00e9 \u00e0 &hellip; <\/p>\n","protected":false},"author":1,"featured_media":5526,"parent":0,"menu_order":0,"comment_status":"closed","ping_status":"closed","template":"","meta":{"_ti_tpc_template_sync":false,"_ti_tpc_template_id":"","footnotes":""},"class_list":["post-4884","page","type-page","status-publish","has-post-thumbnail","hentry"],"_links":{"self":[{"href":"https:\/\/atelierlescolibris.com\/index.php\/wp-json\/wp\/v2\/pages\/4884","targetHints":{"allow":["GET"]}}],"collection":[{"href":"https:\/\/atelierlescolibris.com\/index.php\/wp-json\/wp\/v2\/pages"}],"about":[{"href":"https:\/\/atelierlescolibris.com\/index.php\/wp-json\/wp\/v2\/types\/page"}],"author":[{"embeddable":true,"href":"https:\/\/atelierlescolibris.com\/index.php\/wp-json\/wp\/v2\/users\/1"}],"replies":[{"embeddable":true,"href":"https:\/\/atelierlescolibris.com\/index.php\/wp-json\/wp\/v2\/comments?post=4884"}],"version-history":[{"count":27,"href":"https:\/\/atelierlescolibris.com\/index.php\/wp-json\/wp\/v2\/pages\/4884\/revisions"}],"predecessor-version":[{"id":5585,"href":"https:\/\/atelierlescolibris.com\/index.php\/wp-json\/wp\/v2\/pages\/4884\/revisions\/5585"}],"wp:featuredmedia":[{"embeddable":true,"href":"https:\/\/atelierlescolibris.com\/index.php\/wp-json\/wp\/v2\/media\/5526"}],"wp:attachment":[{"href":"https:\/\/atelierlescolibris.com\/index.php\/wp-json\/wp\/v2\/media?parent=4884"}],"curies":[{"name":"wp","href":"https:\/\/api.w.org\/{rel}","templated":true}]}}

<figure class="wp-block-image size-full"><img loading="lazy" decoding="async" width="940" height="788" src="https://atelierlescolibris.com/wp-content/uploads/2022/11/stage-de-patronage-2022.jpg" alt="cours-de-patronage-grenoble-cours-de-couture" class="wp-image-5526" srcset="https://atelierlescolibris.com/wp-content/uploads/2022/11/stage-de-patronage-2022.jpg 940w, https://atelierlescolibris.com/wp-content/uploads/2022/11/stage-de-patronage-2022-300x251.jpg 300w, https://atelierlescolibris.com/wp-content/uploads/2022/11/stage-de-patronage-2022-768x644.jpg 768w, https://atelierlescolibris.com/wp-content/uploads/2022/11/stage-de-patronage-2022-72x60.jpg 72w" sizes="auto, (max-width: 940px) 100vw, 940px" /></figure>



<h2 class="wp-block-heading"> cycle de patronage 2023-2024</h2>



<p>C&rsquo;est la rentrée pour les cours de couture et de patronage à l&rsquo;atelier les colibris, désormais aux portes du <a rel="noreferrer noopener" href="https://www.trieves-vercors.fr/atelier-les-colibris-creation-textile-et-art-therapie.html" target="_blank">Trièves</a> à Treffort &amp; au thé à coudre de Grenoble</p>



<p>Je me réjouis de vous proposer deux nouveaux cycles de patronage : un débutant et un confirmé !</p>



<p>Vous aurez la possibilité de proposer vos souhaits pour ce trimestre</p>



<p>(les bases : buste,manche,encolure,parementure,fermeture,jupe,pantalon,manteau puis adapter son patron à ses mesures: où, quoi, comment?)</p>



<p>Pour cette première journée, vous apprendrez, à prendre vos mesures et les reporter, tracer votre buste n°1 sur mesure et son moulage. Ensuite le passage de pince et le buste sans pince, manche, parementure, encolure etc. en fonction du rythme de votre groupe et du niveau</p>



<p>&nbsp;Vous trouverez ci-dessous la liste de matériel nécessaire pour la réalisation de votre buste sur mesure et la suite du programme.&nbsp;</p>



<p>&nbsp;Matériel&nbsp;souhaité&nbsp;:</p>



<p>·&nbsp;&nbsp;&nbsp;&nbsp;&nbsp;&nbsp;calculatrice</p>



<p>·&nbsp;&nbsp;&nbsp;&nbsp;&nbsp;&nbsp;règle ,crayon, gomme , rapporteur</p>



<p>·&nbsp;&nbsp;&nbsp;&nbsp;&nbsp;&nbsp;votre trousse de couture</p>



<p>·&nbsp;&nbsp;&nbsp;&nbsp;&nbsp;&nbsp;le papier est fourni</p>



<p>·&nbsp;&nbsp;&nbsp;&nbsp;&nbsp;&nbsp;du tissu armure toile (min 200 cm /Laize 140 cm) en coton ou lin ou de vieux draps pour faire le moulage</p>



<ul class="wp-block-list">
<li>en option à votre charge: toile cirée de 2 m pour ranger votre travail en cours (voir en magasin de tissu) 2€</li>



<li>en option à votre charge: le livre La coupe à plat, numéro 1. Prêt-à-porter et sur mesure pour dame de&nbsp;<a href="https://www.amazon.fr/s/ref=dp_byline_sr_book_1?ie=UTF8&amp;field-author=Chiappetta&amp;text=Chiappetta&amp;sort=relevancerank&amp;search-alias=books-fr" target="_blank" rel="noreferrer noopener">Chiappetta</a>&nbsp;48 €</li>
</ul>



<h2 class="wp-block-heading">stage du dimanche</h2>



<p>dates &amp; réservations au 06 72 92 14 60<br>Tarif: 40 € / 14h-17h / 6 personnes max /règlement par virement ou chèque/toute réservation non décommandée 48 h avant est dû</p>



<p>( chèque ou virement pour valider votre inscription)</p>



<p>je reste à votre disposition pour toutes questions.</p>



<p>Et vous souhaite un automne créatif et lumineux <br></p>



<p>A vous de jouer !</p>



<figure class="wp-block-image size-full"><img loading="lazy" decoding="async" width="474" height="316" src="https://atelierlescolibris.com/wp-content/uploads/2021/10/mapio.net_.jpg" alt="" class="wp-image-5083" srcset="https://atelierlescolibris.com/wp-content/uploads/2021/10/mapio.net_.jpg 474w, https://atelierlescolibris.com/wp-content/uploads/2021/10/mapio.net_-300x200.jpg 300w" sizes="auto, (max-width: 474px) 100vw, 474px" /></figure>



<p>[COURS DE COUTURE &amp; BALADE AU BORD DU LAC]<img loading="lazy" decoding="async" src="https://static.xx.fbcdn.net/images/emoji.php/v9/tea/1/16/1f332.png" alt="🌲" width="16" height="16">Profitez d&rsquo; être à 2 min du lac pour aller faire un pique nique après ou avant le cours de couture <a rel="noreferrer noopener" href="http://www.lac-monteynard.com/?fbclid=IwAR3qw7NtDugj-8KI-i7FwgZvqg59zH6egoYTdS7ryev_KPw4uFPRjPokKUY" target="_blank">http://www.lac-monteynard.com/</a></p>



<h2 class="wp-block-heading">le Thé à coudre</h2>



<p><a href="https://letheacoudre-grenoble.fr/les-evenements/">https://letheacoudre-grenoble.fr/les-evenements/</a></p>

<p>cycle de patronage 2023-2024 C&rsquo;est la rentrée pour les cours de couture et de patronage à l&rsquo;atelier les colibris, désormais aux portes du Trièves à Treffort &amp; au thé à &hellip; </p>
