{"id":4187,"date":"2021-01-22T20:42:15","date_gmt":"2021-01-22T19:42:15","guid":{"rendered":"https:\/\/atelierlescolibris.com\/?page_id=4187"},"modified":"2021-11-10T00:14:13","modified_gmt":"2021-11-09T23:14:13","slug":"sup-a-yoga-lac-de-monteynard","status":"publish","type":"page","link":"https:\/\/atelierlescolibris.com\/index.php\/sup-a-yoga-lac-de-monteynard\/","title":{"rendered":"[SUP A YOGA] lac de Monteynard"},"content":{"rendered":"\n<h3 class=\"wp-block-heading\">Les s\u00e9ances de yoga sur l\u2019eau en paddle <\/h3>\n\n\n\n<div class=\"wp-block-image\"><figure class=\"aligncenter size-large\"><img loading=\"lazy\" decoding=\"async\" width=\"500\" height=\"500\" src=\"https:\/\/atelierlescolibris.com\/wp-content\/uploads\/2021\/05\/logo-SUPAYOGA.jpg\" alt=\"yoga-eau-paddle-lac-de-monteynard-supayoga-isere\" class=\"wp-image-4435\" srcset=\"https:\/\/atelierlescolibris.com\/wp-content\/uploads\/2021\/05\/logo-SUPAYOGA.jpg 500w, https:\/\/atelierlescolibris.com\/wp-content\/uploads\/2021\/05\/logo-SUPAYOGA-300x300.jpg 300w, https:\/\/atelierlescolibris.com\/wp-content\/uploads\/2021\/05\/logo-SUPAYOGA-150x150.jpg 150w, https:\/\/atelierlescolibris.com\/wp-content\/uploads\/2021\/05\/logo-SUPAYOGA-100x100.jpg 100w\" sizes=\"auto, (max-width: 500px) 100vw, 500px\" \/><\/figure><\/div>\n\n\n\n<h3 class=\"wp-block-heading\">Envie de pratique toute l&rsquo;ann\u00e9e?<\/h3>\n\n\n\n<p>c&rsquo;est possible en fonction du niveau de l&rsquo;eau et de la m\u00e9t\u00e9o au lac de Monteynard \/ R\u00c9SERVATION au 06.72.92.14.60<\/p>\n\n\n\n<figure class=\"wp-block-gallery columns-2 is-cropped wp-block-gallery-1 is-layout-flex wp-block-gallery-is-layout-flex\"><ul class=\"blocks-gallery-grid\"><li class=\"blocks-gallery-item\"><figure><img loading=\"lazy\" decoding=\"async\" width=\"810\" height=\"810\" src=\"https:\/\/atelierlescolibris.com\/wp-content\/uploads\/2020\/10\/yoga-automne-4.jpg\" alt=\"sup-a-yoga-sur-paddle-lac-de-monteynard-july-toujan\" data-id=\"3983\" data-full-url=\"https:\/\/atelierlescolibris.com\/wp-content\/uploads\/2020\/10\/yoga-automne-4.jpg\" data-link=\"https:\/\/atelierlescolibris.com\/index.php\/2021\/01\/18\/lettre-de-saison-2020\/yoga-automne-4\/\" class=\"wp-image-3983\" srcset=\"https:\/\/atelierlescolibris.com\/wp-content\/uploads\/2020\/10\/yoga-automne-4.jpg 810w, https:\/\/atelierlescolibris.com\/wp-content\/uploads\/2020\/10\/yoga-automne-4-300x300.jpg 300w, https:\/\/atelierlescolibris.com\/wp-content\/uploads\/2020\/10\/yoga-automne-4-150x150.jpg 150w, https:\/\/atelierlescolibris.com\/wp-content\/uploads\/2020\/10\/yoga-automne-4-768x768.jpg 768w, https:\/\/atelierlescolibris.com\/wp-content\/uploads\/2020\/10\/yoga-automne-4-100x100.jpg 100w\" sizes=\"auto, (max-width: 810px) 100vw, 810px\" \/><\/figure><\/li><li class=\"blocks-gallery-item\"><figure><img loading=\"lazy\" decoding=\"async\" width=\"1024\" height=\"1024\" src=\"https:\/\/atelierlescolibris.com\/wp-content\/uploads\/2021\/01\/C-automne-zen-1024x1024.jpg\" alt=\"sup-a-yoga-sur-paddle-lac-de-monteynard-july-toujan\" data-id=\"4198\" data-full-url=\"https:\/\/atelierlescolibris.com\/wp-content\/uploads\/2021\/01\/C-automne-zen.jpg\" data-link=\"https:\/\/atelierlescolibris.com\/index.php\/sup-a-yoga-lac-de-monteynard\/c-automne-zen\/\" class=\"wp-image-4198\" srcset=\"https:\/\/atelierlescolibris.com\/wp-content\/uploads\/2021\/01\/C-automne-zen-1024x1024.jpg 1024w, https:\/\/atelierlescolibris.com\/wp-content\/uploads\/2021\/01\/C-automne-zen-300x300.jpg 300w, https:\/\/atelierlescolibris.com\/wp-content\/uploads\/2021\/01\/C-automne-zen-150x150.jpg 150w, https:\/\/atelierlescolibris.com\/wp-content\/uploads\/2021\/01\/C-automne-zen-768x768.jpg 768w, https:\/\/atelierlescolibris.com\/wp-content\/uploads\/2021\/01\/C-automne-zen-100x100.jpg 100w, https:\/\/atelierlescolibris.com\/wp-content\/uploads\/2021\/01\/C-automne-zen.jpg 1080w\" sizes=\"auto, (max-width: 1024px) 100vw, 1024px\" \/><\/figure><\/li><\/ul><\/figure>\n\n\n\n<p><strong>s\u00e9ances de yoga sur paddle ou SUPA YOGA<\/strong> MONTEYNARD<\/p>\n\n\n\n<p><em>Afin de sensibiliser le public de par le monde aux nombreux b\u00e9n\u00e9fices du yoga, cette journ\u00e9e a pour objectif de mettre l\u2019accent sur les effets b\u00e9n\u00e9fiques de la pratique du yoga.Cette pratique permet d\u2019apporter \u00e0 notre corps et \u00e0 notre esprit l\u2019\u00e9quilibre dont ils ont besoin, Samana. Lors de la s\u00e9ance de yoga sur l\u2019eau vous d\u00e9couvrirez votre nature ou \u00e9cologie int\u00e9rieure gr\u00e2ce \u00e0 la pratique de quelques asanas postures et pranayama souffle. La s\u00e9ance se terminera par une relaxation guid\u00e9e. Namast\u00e9<\/em><\/p>\n\n\n\n<p><\/p>\n\n\n\n<p><strong>tarif <\/strong> unique 20 \u20ac\/1h30 sans location de paddle, vous venez avec le votre<\/p>\n\n\n\n<p><strong>horaire :<\/strong>                  10h30-12h                 18h-19h30<\/p>\n\n\n\n<p>c&rsquo;est possible de privatiser entre copines sur r\u00e9servation ! demander un devis<\/p>\n\n\n\n<figure class=\"wp-block-gallery columns-2 is-cropped wp-block-gallery-2 is-layout-flex wp-block-gallery-is-layout-flex\"><ul class=\"blocks-gallery-grid\"><li class=\"blocks-gallery-item\"><figure><img loading=\"lazy\" decoding=\"async\" width=\"960\" height=\"960\" src=\"https:\/\/atelierlescolibris.com\/wp-content\/uploads\/2020\/07\/paddle-sunday.jpg\" alt=\"sup-a-yoga-sur-paddle-lac-de-monteynard-july-toujan\" data-id=\"3791\" data-full-url=\"https:\/\/atelierlescolibris.com\/wp-content\/uploads\/2020\/07\/paddle-sunday.jpg\" data-link=\"https:\/\/atelierlescolibris.com\/index.php\/2021\/01\/18\/lettre-de-saison-2020\/paddle-sunday\/\" class=\"wp-image-3791\" srcset=\"https:\/\/atelierlescolibris.com\/wp-content\/uploads\/2020\/07\/paddle-sunday.jpg 960w, https:\/\/atelierlescolibris.com\/wp-content\/uploads\/2020\/07\/paddle-sunday-300x300.jpg 300w, https:\/\/atelierlescolibris.com\/wp-content\/uploads\/2020\/07\/paddle-sunday-150x150.jpg 150w, https:\/\/atelierlescolibris.com\/wp-content\/uploads\/2020\/07\/paddle-sunday-768x768.jpg 768w, https:\/\/atelierlescolibris.com\/wp-content\/uploads\/2020\/07\/paddle-sunday-100x100.jpg 100w\" sizes=\"auto, (max-width: 960px) 100vw, 960px\" \/><\/figure><\/li><li class=\"blocks-gallery-item\"><figure><img loading=\"lazy\" decoding=\"async\" width=\"1024\" height=\"576\" src=\"https:\/\/atelierlescolibris.com\/wp-content\/uploads\/2021\/01\/sup-a-yoga-savel-1024x576.jpg\" alt=\"sup-a-yoga-sur-paddle-lac-de-monteynard-july-toujan\" data-id=\"4199\" data-full-url=\"https:\/\/atelierlescolibris.com\/wp-content\/uploads\/2021\/01\/sup-a-yoga-savel-scaled.jpg\" data-link=\"https:\/\/atelierlescolibris.com\/index.php\/sup-a-yoga-lac-de-monteynard\/sup-a-yoga-savel\/\" class=\"wp-image-4199\" srcset=\"https:\/\/atelierlescolibris.com\/wp-content\/uploads\/2021\/01\/sup-a-yoga-savel-1024x576.jpg 1024w, https:\/\/atelierlescolibris.com\/wp-content\/uploads\/2021\/01\/sup-a-yoga-savel-300x169.jpg 300w, https:\/\/atelierlescolibris.com\/wp-content\/uploads\/2021\/01\/sup-a-yoga-savel-768x432.jpg 768w, https:\/\/atelierlescolibris.com\/wp-content\/uploads\/2021\/01\/sup-a-yoga-savel-1536x864.jpg 1536w, https:\/\/atelierlescolibris.com\/wp-content\/uploads\/2021\/01\/sup-a-yoga-savel-2048x1152.jpg 2048w\" sizes=\"auto, (max-width: 1024px) 100vw, 1024px\" \/><\/figure><\/li><\/ul><\/figure>\n\n\n\n<p>&nbsp;Pr\u00e9sentation de notre activit\u00e9 \u00ab&nbsp;surya namaskar&nbsp;\u00bb sur TV GRENOBLE<\/p>\n\n\n\n<p> d\u00e8s la 15 minute !<\/p>\n\n\n\n<p>Notre premi\u00e8re interview! mersea&nbsp;<a href=\"https:\/\/www.facebook.com\/campingsavel\/?__tn__=K-R&amp;eid=ARAZBXfI4EqSAXrWJSN_ho9tjCQhpDvMG52PtJC9rUD6MTrzllqRXx5IIHzAIqk5oBdGwq-TxkTlDEUd&amp;fref=mentions&amp;__xts__%5B0%5D=68.ARAnoD4-JVos63YPnXKOEBzZIhQrVytUTgt5nrxN9Rh6GlXwmYSjyCJFvIG1jSNlSbxskT7JZFEcRI5WcboP-lgYGci_7KPONEH51h_m70pWbnGW9fDXXpZcBqx9HInFunB452WhNXjzWDfY0GBd5ohBLxEVgiLlEwTLHORIu1kXFdafzgYpU0lBdGbqc-26AXWamMf9ai_447G78USLwingJGsOULgWx91R6do5yUJseGJOCbEKzz-DEcctBq-FVKmyB65ScRrCYVZPHG5CorO2CCO6r3bisty0kvhfvqV6WdI_RLbeV85EaWWAGtdHEEg67J-Pjrm0K00xI6-eIJAr4x0\">Camping de Savel<\/a><\/p>\n\n\n\n<p><a href=\"http:\/\/www.grenobleurl.fr\/annuaire-isere\" target=\"_blank\" rel=\"noreferrer noopener\">http:\/\/www.grenobleurl.fr\/annuaire-isere<\/a><\/p>\n\n\n\n<p><a rel=\"noreferrer noopener\" href=\"https:\/\/meteofrance.com\/previsions-meteo-france\/treffort\/38650\" data-type=\"URL\" data-id=\"https:\/\/meteofrance.com\/previsions-meteo-france\/treffort\/38650\" target=\"_blank\">https:\/\/meteofrance.com\/previsions-meteo-france\/treffort\/38650<\/a><\/p>\n\n\n\n<p><a href=\"http:\/\/www.telegrenoble.net\/replay\/alpes-is-here_60\/alpes-is-here-20-juillet-2020_x7v3td3.html?fbclid=IwAR1_8T01FT2eSd6krJNF6v7ZwBZcgj7ZB1DIpkTMf-UkkfK916OiquPoSNk\">http:\/\/www.telegrenoble.net\/replay\/alpes-is-here_60\/alpes-is-here-20-juillet-2020_x7v3td3.html?fbclid=IwAR1_8T01FT2eSd6krJNF6v7ZwBZcgj7ZB1DIpkTMf-UkkfK916OiquPoSNk<\/a><\/p>\n\n\n\n<figure class=\"wp-block-image size-large\"><img loading=\"lazy\" decoding=\"async\" width=\"724\" height=\"1024\" src=\"https:\/\/atelierlescolibris.com\/wp-content\/uploads\/2021\/06\/affiche-SUP-A-YOGA-AQUAYOGA-2021-724x1024.jpg\" alt=\"sup-a-yoga-lac-de-monteynard-isere\" class=\"wp-image-4470\" srcset=\"https:\/\/atelierlescolibris.com\/wp-content\/uploads\/2021\/06\/affiche-SUP-A-YOGA-AQUAYOGA-2021-724x1024.jpg 724w, https:\/\/atelierlescolibris.com\/wp-content\/uploads\/2021\/06\/affiche-SUP-A-YOGA-AQUAYOGA-2021-212x300.jpg 212w, https:\/\/atelierlescolibris.com\/wp-content\/uploads\/2021\/06\/affiche-SUP-A-YOGA-AQUAYOGA-2021-768x1086.jpg 768w, https:\/\/atelierlescolibris.com\/wp-content\/uploads\/2021\/06\/affiche-SUP-A-YOGA-AQUAYOGA-2021-1086x1536.jpg 1086w, https:\/\/atelierlescolibris.com\/wp-content\/uploads\/2021\/06\/affiche-SUP-A-YOGA-AQUAYOGA-2021-1448x2048.jpg 1448w, https:\/\/atelierlescolibris.com\/wp-content\/uploads\/2021\/06\/affiche-SUP-A-YOGA-AQUAYOGA-2021.jpg 1587w\" sizes=\"auto, (max-width: 724px) 100vw, 724px\" \/><figcaption><img loading=\"lazy\" decoding=\"async\" alt=\"\ud83c\udf1e\" src=\"https:\/\/static.xx.fbcdn.net\/images\/emoji.php\/v9\/t5f\/1\/16\/1f31e.png\" width=\"16\" height=\"16\">c&rsquo;est toute l&rsquo;ann\u00e9e sur r\u00e9servation<br>R\u00e9servation au 06.72.92.14.60<br>A vous de jouer !<\/figcaption><\/figure>\n","protected":false},"excerpt":{"rendered":"<p>Les s\u00e9ances de yoga sur l\u2019eau en paddle Envie de pratique toute l&rsquo;ann\u00e9e? c&rsquo;est possible en fonction du niveau de l&rsquo;eau et de la m\u00e9t\u00e9o au lac de Monteynard \/ &hellip; <\/p>\n","protected":false},"author":1,"featured_media":0,"parent":0,"menu_order":0,"comment_status":"closed","ping_status":"closed","template":"","meta":{"_ti_tpc_template_sync":false,"_ti_tpc_template_id":"","footnotes":""},"class_list":["post-4187","page","type-page","status-publish","hentry"],"_links":{"self":[{"href":"https:\/\/atelierlescolibris.com\/index.php\/wp-json\/wp\/v2\/pages\/4187","targetHints":{"allow":["GET"]}}],"collection":[{"href":"https:\/\/atelierlescolibris.com\/index.php\/wp-json\/wp\/v2\/pages"}],"about":[{"href":"https:\/\/atelierlescolibris.com\/index.php\/wp-json\/wp\/v2\/types\/page"}],"author":[{"embeddable":true,"href":"https:\/\/atelierlescolibris.com\/index.php\/wp-json\/wp\/v2\/users\/1"}],"replies":[{"embeddable":true,"href":"https:\/\/atelierlescolibris.com\/index.php\/wp-json\/wp\/v2\/comments?post=4187"}],"version-history":[{"count":23,"href":"https:\/\/atelierlescolibris.com\/index.php\/wp-json\/wp\/v2\/pages\/4187\/revisions"}],"predecessor-version":[{"id":5156,"href":"https:\/\/atelierlescolibris.com\/index.php\/wp-json\/wp\/v2\/pages\/4187\/revisions\/5156"}],"wp:attachment":[{"href":"https:\/\/atelierlescolibris.com\/index.php\/wp-json\/wp\/v2\/media?parent=4187"}],"curies":[{"name":"wp","href":"https:\/\/api.w.org\/{rel}","templated":true}]}}